ppose 0*b - 252 = -3*b. What is the highest common factor of b and 147?
21
Suppose 2*u + 216 = 436. Calculate the greatest common factor of 15 and u.
5
Suppose 3*q + 56 = 164. Let z be 2457/(-54)*q/(-7). What is the greatest common divisor of z and 26?
26
Let m(k) = k**2 - 16*k. Let r be m(16). Suppose 4*l = -r*l - 28. Let y(n) = -n. Let p be y(l). Calculate the greatest common divisor of p and 28.
7
Suppose -18*f + 249 = 33. Suppose 640 = 5*j - 4*h, 3*j - 5*h - 250 - 121 = 0. What is the greatest common factor of j and f?
12
Let a be 15/60 + 446/8. Calculate the greatest common divisor of a and 8.
8
Suppose 30 = 10*z - 4*z. Calculate the highest common divisor of z and 5.
5
Let a = 73 - 42. Let t be (-620)/(((-2)/(-4))/((-21)/84)). Calculate the greatest common factor of t and a.
31
Let y = 1081 - 982. What is the highest common factor of y and 44?
11
Let g be -1*5 - (24/3 - 76). What is the highest common divisor of g and 18?
9
Suppose -132*y + 125*y = -665. What is the highest common divisor of 38 and y?
19
Let f(i) = 40*i**2 - i. Let q be f(1). Suppose 0 = -97*w + 94*w + q. Calculate the greatest common divisor of 169 and w.
13
Suppose d = 11 - 4. Suppose -4 = -8*p + 4. Suppose -h + 0*h = -p. Calculate the highest common factor of h and d.
1
Let h(y) = -y + 1. Let n be h(-1). Suppose -2*m = -4*v - 140, 0*m - n*m - 3*v = -126. Suppose -5*g + m + 24 = 0. What is the greatest common factor of 9 and g?
9
Let d = 401 + -368. Calculate the greatest common divisor of 33 and d.
33
Suppose -3*w = -j - 69 + 14, -4*w - 2*j = -80. Suppose 0*z + 5*z = 10. Suppose -z*m - m + 285 = 0. What is the highest common factor of m and w?
19
Let o = 58 - 44. Calculate the greatest common factor of o and 154.
14
Let p be (29/(-28) + 22/77)*-44. Let w(a) = 13*a + 3. Let o be w(4). What is the greatest common divisor of p and o?
11
Let v be (152 - 2)*(-30)/(-25). Let n be 5/((-1 - -2)/4). Calculate the highest common factor of v and n.
20
Suppose a + 5*s + 2157 = -3*a, -5*a + 2*s = 2655. Let j be (-1)/(-7) - a/91. Calculate the greatest common factor of j and 15.
3
Suppose 0 = 10*p - 8*p - 38. Let b = 16 + 3. Calculate the greatest common divisor of b and p.
19
Suppose -3*l = m + 36 - 100, -4*m - l + 245 = 0. Let x = 121 - m. What is the greatest common divisor of 24 and x?
12
Let l be 2*11/(-11) + -91. Let h = -13 + 1. Let j be (-6)/(-24) + l/h. What is the greatest common divisor of 56 and j?
8
Let y(r) = r**3 + 4*r**2 - 4*r - 13. Let o be y(-3). Suppose 84 = 5*c + 24. Let g be 16/c*(0 + 3). Calculate the greatest common factor of o and g.
4
Suppose -41 - 29 = 10*m. Let u(g) = -g**3 - 9*g**2 - 17*g - 7. Let r be u(m). Calculate the highest common divisor of 14 and r.
14
Suppose -13 = 15*k - 163. What is the greatest common factor of k and 40?
10
Let g(a) = 3*a**3 - 41*a**2 - 2*a + 93. Let n be g(14). What is the highest common divisor of 319 and n?
29
Let r(g) = 43*g - 8. Let v(j) = 65*j - 12. Let h(l) = 7*r(l) - 5*v(l). Let n be h(-1). Calculate the greatest common factor of 4 and n.
4
Let z = -132 - -184. Let l(x) = x**2 + 7*x + 4. Let u be l(-7). Calculate the greatest common divisor of u and z.
4
Let b(h) = h**2 + 5*h - 18. Let c be b(-8). Let n be ((-26)/c - -3)/((-4)/126). Let d = -21 + 35. What is the greatest common divisor of n and d?
14
Let t = -494 + 670. Calculate the greatest common divisor of 33 and t.
11
Let i be 153/(-6)*-4*(-1)/6. Let z = i - -19. Calculate the highest common factor of z and 4.
2
Suppose 2*j - 5*c = 3 + 126, -4*j + 231 = -c. Let x be j/(-11) - 4/(-22). Let y be x*1/((-10)/12). What is the highest common divisor of y and 6?
6
Suppose 5*w - 62 - 22 = -3*i, -4*w - i = -63. Suppose 1 = -2*u - w. Let q be (-8)/((-22)/u + -3). What is the greatest common divisor of q and 256?
32
Let d = -452 - -674. What is the greatest common divisor of d and 740?
74
Let k(p) = 37*p - 188. Let i be k(9). Let c(r) = r**2 + r - 1. Let y be c(-6). What is the highest common factor of i and y?
29
Suppose 69*i - 67*i - 200 = 0. What is the highest common divisor of 60 and i?
20
Let l(m) = 2*m - 3. Let r be l(3). Let a = -23 + 24. What is the greatest common factor of a and r?
1
Let s be (-50)/(-75) - (-82)/3. What is the highest common factor of 4 and s?
4
Let z(k) = -k**3 - k**2 - 20*k - 68. Let c be z(-5). Calculate the greatest common divisor of c and 297.
33
Suppose 9*p - 37 - 8 = 0. Suppose p*i - 400 = -4*j, 6*i - 2*i - 341 = j. Calculate the highest common divisor of 21 and i.
21
Suppose a - c = 77, 3*a + 104 = 2*c + 338. Let x = -34 + a. Calculate the highest common divisor of x and 69.
23
Let j(f) = 10*f + 2. Let c be j(-2). Let d be (c + -1 - -2) + 2. Let m = 1 - d. Calculate the greatest common factor of 64 and m.
16
Suppose -3*p - 885 = -2532. Let h = -788 + p. Let j = -159 - h. What is the greatest common divisor of 16 and j?
16
Suppose -m - 25 = f, -2*f + 5 - 3 = 0. Let n = m - -55. What is the greatest common factor of n and 232?
29
Let b = 5 + 0. Suppose v + 25 = 4*n, n = 2*n - b*v - 11. Suppose 7*q - 9 - 5 = 0. Calculate the highest common divisor of n and q.
2
Let s(c) = 1579*c**2 + 19*c. Let r be s(1). Calculate the greatest common divisor of r and 17.
17
Let l = 22 + -102. Let u = 90 + l. Calculate the greatest common divisor of 25 and u.
5
Suppose 5*p - 32*p = -405. Calculate the greatest common factor of 165 and p.
15
Let g(m) = 13*m - 1 + 6 - 15. Let s be g(7). Calculate the highest common divisor of s and 9.
9
Suppose y - 2 = -v + 17, -4*y + 60 = -4*v. Let p(c) = c**3 - 7*c**2 + 8*c + 5. Let f be p(6). What is the greatest common divisor of f and y?
17
Let v be (40/(-6))/((-13)/390*5). What is the greatest common factor of v and 216?
8
Let n be (34/5)/(18/15)*-9. Let a be (n/6 - 4)*-2. What is the greatest common factor of a and 75?
25
Suppose 75 = 33*l - 34*l. Let f(a) = a**3 + 4*a**2 - 5*a - 4. Let x be f(-4). Let p = x - l. Calculate the greatest common divisor of 13 and p.
13
Let t(q) = 118*q - 14. Let c be t(1). What is the greatest common divisor of c and 39?
13
Suppose 13*z - 714 = 1977. What is the greatest common divisor of z and 46?
23
Let o be ((72/(-20))/(-1))/(6/40). What is the greatest common factor of o and 256?
8
Let y(b) = 2*b**2. Let z be y(-1). Suppose c = -z*c + 12. Calculate the greatest common factor of 32 and c.
4
Suppose 6 = y - 3*z - 18, y = -z + 24. What is the greatest common divisor of 520 and y?
8
Let s = -5139 + 5148. Let k(w) = w - 4. Let f be k(6). Calculate the greatest common divisor of s and f.
1
Let b = -172 - -218. Calculate the highest common divisor of b and 621.
23
Let r = 23 - 11. Let l(o) = o**3 + 15*o**2 - 22*o - 12. Let k be (-184)/12 - 2/3. Let c be l(k). Calculate the highest common divisor of c and r.
12
Let k = 48 - 22. Let c be -2 + (3 + -4)*-5. Suppose -c*g = k - 74. Calculate the highest common factor of 48 and g.
16
Suppose 561 + 7 = 2*k. Calculate the greatest common divisor of 71 and k.
71
Let w(i) = i**3 - 6*i**2 - 19*i + 6. Let h be w(9). Calculate the highest common factor of 1872 and h.
78
Let z be ((-6)/12)/((-2)/256). Suppose 4*o - z = 2*o + 5*y, -3*o + y = -70. What is the greatest common factor of 154 and o?
22
Let t = 86 - 51. Let j = t - 26. Let y be (-17)/(-3) + 4/12. What is the greatest common divisor of y and j?
3
Let i be (-2359)/(-14) - (1 + 1)/4. What is the highest common factor of i and 21?
21
Let f(i) = -i**3 + 12*i**2 - 11*i - 3. Let p be f(8). Suppose 0 = -3*y + 429 + p. Let l = -121 + y. Calculate the greatest common divisor of l and 7.
7
Suppose -3*b + 51 = 2*w, -7*w + 3*w + 5*b = -47. Calculate the highest common divisor of 234 and w.
18
Suppose 0 = 6*l - 51 + 9. Let v(r) be the second derivative of r**3/6 - 2*r**2 - r. Let m be v(l). What is the highest common divisor of m and 21?
3
Let k be (0 + 146/(-2))*(-15)/15. Let j = k + -72. What is the highest common divisor of j and 1?
1
Suppose -2*y = y - 30. Suppose -5*s + 15 = 2*f, 0*f - 9 = -3*s + 2*f. Let m = s + 7. What is the highest common divisor of m and y?
10
Let n = -1244 - -1448. What is the greatest common factor of n and 748?
68
Let a be (-1)/8 + (-150)/(-48). Calculate the highest common factor of 261 and a.
3
Let q = 126 - 14. What is the highest common factor of q and 32?
16
Let d = 47 + -